- 2*k - 29, 3*t + 41 = 4*k. Let g = -1 + t. What is the units digit of (-3 + g)/((-1)/2)?
2
Suppose -265 = -5*q - 4*k, 3*k - 4*k - 93 = -2*q. Suppose -48*z - 98 = -q*z. What is the tens digit of z?
9
Let j = -11 - 7. What is the units digit of -1 - j - (0 + -3)?
0
Suppose 0 = -2*z - 8, 2*v = -2*z + 7*z + 916. What is the tens digit of v?
4
Suppose 2*j - 1273 = 5*h, 2*h - 1902 = -3*j + 7*h. What is the hundreds digit of j?
6
Let p = -9 - -9. Suppose 7 = -p*l + l - i, 0 = -2*i - 4. Suppose -c = -1, 2*o + l = 4*c + 35. What is the units digit of o?
7
Suppose -1383 = -14*a + 4455. What is the units digit of a?
7
Suppose -2*j = 1070 + 1448. What is the tens digit of (-2)/(-12) - (-4)/(-24)*j?
1
Suppose w + 2730 = 3*w. What is the hundreds digit of w?
3
Suppose -2*h - 3*z = z + 16, h + 3*z = -10. Suppose -5025 = 9*n - 1857. What is the units digit of n/(-20) - h/10?
8
Suppose 5*w - 3*w + 2*a = 30, a = 5*w - 75. Let v(g) = 18 + 4 - 3*g**2 + g - 11*g**2 - g**2 + g**3. What is the units digit of v(w)?
7
Let o(f) = 3*f**2 + 2. Let q(v) be the second derivative of -v**5/20 + 13*v**4/12 - 13*v**3/6 + 9*v**2/2 - 9*v. Let w be q(12). What is the tens digit of o(w)?
2
Let o be 3/(-18) + 1747/6. Suppose -4*z = 5*y - 3*z - 350, -4*y - 3*z + o = 0. Let p = y - 34. What is the units digit of p?
5
What is the units digit of 1/4 + (-1506)/(-24)?
3
Suppose -2*c + 11 - 5 = 0. Suppose -c*p - 45 = -0*p. Let j = -3 - p. What is the tens digit of j?
1
Suppose 2*u = -829 + 3711. What is the thousands digit of u?
1
Suppose 0 = -l + 5*l + 144. What is the tens digit of 5/(l/40 + (-2)/(-2))?
5
Suppose 5*r = 3*r + 6. Suppose 5*b + r*n = 712, -3*b + 416 = -3*n + 2*n. What is the units digit of b?
0
Let r(s) = -2*s**3 + 25*s**2 + 12*s + 9. Let o be r(11). Let v = -191 + o. What is the hundreds digit of v?
3
Suppose 0 = -7*m + 5*m + 10. Suppose 11*z - 204 = m*z. What is the units digit of z?
4
Suppose -56*r = -34*r - 5170. What is the tens digit of r?
3
Let v = 296 + 1030. Suppose 2*l = -324 + v. What is the tens digit of 1/(l/(-126) + 4)?
4
Let d be (40/12)/((-2)/(-36)). What is the units digit of 2 - (-11)/(22/d)?
2
What is the units digit of (-3)/(-1) + -6 + (-1500)/(-6)?
7
Let q(a) = 5*a**2 + 10*a - 8. Let p(j) = -6*j**2 - 10*j + 7. Let d(m) = 2*p(m) + 3*q(m). What is the tens digit of d(-7)?
6
Let w(d) = d**3 - 4*d**2 + d + 2. Let c be w(3). Let g(v) = v**3 + 6*v**2 + 4*v - 5. Let m be g(c). Suppose -6*l - m = -119. What is the tens digit of l?
1
Let o = 35 + -32. Suppose 125 + o = 2*b. What is the tens digit of b?
6
Let z(a) = -a**3 + 9*a**2 - 7*a - 4. Let d be z(8). Let q be 2*(7 - d) - 0. Suppose -10 - q = -4*s. What is the units digit of s?
4
Suppose 0 = -3*v + 4*v - 5*m - 602, -m + 2450 = 4*v. What is the hundreds digit of v?
6
Let z(o) = -165*o - 34. What is the hundreds digit of z(-5)?
7
Let t be 10/15 + (-268)/6. Let a = t - -96. What is the tens digit of a?
5
Let y(l) = 6*l**2 - 48*l + 7. What is the units digit of y(18)?
7
Let c(s) = 3*s**2 + 25*s + 5. Let k = -40 - -29. What is the tens digit of c(k)?
9
What is the units digit of (51 - -4 - 3)/(1/5)?
0
Let a = 114 - 111. Suppose -145 = -a*s - 2*s. What is the units digit of s?
9
Let j = -9 + 13. Suppose -j*n + 150 = -3*n. Let b = 211 - n. What is the units digit of b?
1
Let h be (9 - 11)/((-1)/(-2)). Let l be 52/9 + h/(-18). Suppose u - l*u - f + 146 = 0, f = u - 34. What is the tens digit of u?
3
Suppose 0 = 2*w + 2*i - 74, 53 = -3*w + 5*i + 164. Let u = 140 - w. What is the tens digit of u?
0
Let o be 5*(39/15 + -1). Suppose 7 + o = l. Let h = l + 0. What is the units digit of h?
5
Let d = 1 - -1. Suppose 0 = d*q - n + 8, -3*q + n + 10 = 5*n. What is the units digit of q/6 - (-38)/6?
6
Suppose 0 = -4*q + 276 + 8. Let a = q - -7. What is the tens digit of a?
7
Let h(j) = -1. Let n(y) be the second derivative of -y**4/6 + 2*y**3/3 + y**2 - 6*y. Let k(b) = -3*h(b) - n(b). What is the units digit of k(5)?
1
Let j(p) = -p - 18. Let k be j(-14). What is the units digit of (k - -2 - -1)*-16?
6
Suppose -4*r - 265 = r. Let w = 145 + r. What is the tens digit of w?
9
Suppose 0 = 2*h - 508 - 62. Suppose -30*m = -25*m - 25. Suppose 0 = -0*u + m*u - h. What is the units digit of u?
7
Let x = 1271 - -267. What is the units digit of x?
8
Let b(s) = 84*s**3 - 5*s**2 + 11*s - 6. What is the units digit of b(2)?
8
Suppose 0 = h - 2*t - 10, 0 = -3*t - 0*t - 12. Let x = h - -10. What is the tens digit of x?
1
Let k(w) = 76*w + 17. Let g be ((-124)/22)/(-2) - 32/(-176). What is the tens digit of k(g)?
4
Let u = 29 - 25. Let j = u - -60. What is the tens digit of j?
6
Let l = -2509 - -4049. What is the tens digit of l?
4
Let y(s) = 2*s**2 - 6*s - 14. Suppose -3*l - 2*f = -24, l + 3*f = -l + 21. What is the units digit of y(l)?
2
Suppose -b + t - 2*t = -70, 5*b + 4*t - 354 = 0. Suppose -4*g - b - 82 = 0. Let c = g - -73. What is the units digit of c?
4
Let j(x) = 3*x**3 + 17*x**2 + 3*x - 1. What is the tens digit of j(6)?
7
Suppose 5*u = -5*v + 5860, -2*u - 4*v = -1942 - 392. What is the units digit of u/4 - (-24)/(-96)?
4
Let r be -3 + 5 + (-2 - -10). Suppose 0 = f - 3*f + r, -2*f = -4*z + 254. Suppose z = 5*b - 3*b. What is the tens digit of b?
3
Suppose -3*z - 2*r = r - 3, -4*r = -4*z + 12. Suppose 0*p + 5*x = -z*p + 99, -4*p - x = -171. What is the tens digit of p?
4
Let t(h) = 5*h**3 + 7*h**2 - 18*h + 15. What is the thousands digit of t(6)?
1
Suppose 11976 = 4*y - 5*t, -1575 = -y + 4*t + 1430. What is the hundreds digit of y?
9
Let i be (-32)/(-6) - (10/3)/(-5). What is the tens digit of i/27 - (-1540)/36?
4
Suppose 5819 = 10*m + m. What is the tens digit of m?
2
Suppose -3 = c - 0*c, 5*a + 3*c = 16. Suppose -2*p + 4*w = -30, a*p + 5*w = 6 + 9. What is the units digit of p?
7
What is the units digit of (-6 - (1 + -161))/1?
4
Let k(y) = 10*y**2 + 4*y - 10. What is the units digit of k(-11)?
6
Suppose -x + 2*c + 94 = 0, -3*c - 396 = -4*x - 0*x. Let k = x - 63. What is the units digit of k?
9
Let v(k) = 11*k + 1. Let r be v(4). Let g be r/12 + (-2)/(-8). Suppose g*s = 3*l - 128, -4*l + 3*l + 56 = 2*s. What is the tens digit of l?
4
Let q(l) = 2*l + 2. Let c be q(1). Suppose -2 = n, -c*h - h - 3*n + 9 = 0. Suppose -h*g + 44 = -g. What is the units digit of g?
2
Suppose 4*b - 34 = -2*v, b = -5*v + 3*v + 13. Let c be (-80)/6*(b + -13). Suppose 4*g = c + 156. What is the units digit of g?
9
Let n(o) = 22*o**2 + 2*o + 1. Let u(a) = 5*a + 6. Let s be u(2). Let l = s - 17. What is the tens digit of n(l)?
2
Suppose -5*q = -14 - 1. Suppose 4*h - q*g = 223, -109 = -0*h - 2*h + g. Suppose -z - h = -3*z. What is the tens digit of z?
2
Let o be ((-4)/(-3))/((-1)/(684/(-8))). Suppose 0 = 4*l - 170 - o. What is the tens digit of l?
7
What is the thousands digit of (-70641)/(-15) - (-123)/205?
4
Suppose 2*n - 6*n + 3*t = -35, 3*t - 21 = -3*n. Suppose -2*o - n = -18. Suppose 3*y - 40 = -2*u - 4, -o*u + 5*y = -65. What is the tens digit of u?
1
Suppose t - 371 = -4*h, 5*h - 602 = -2*t + 152. Suppose 0 = -3*d - 3*f + t, -2*d - f = -136 - 126. What is the hundreds digit of d?
1
Let j(s) = -s**3 + 11*s**2 + 12*s + 8. Let t be ((-24)/(-10))/(1/5). Let v be j(t). Suppose -2*r + 60 = 5*w, -w + 4*r = -v + 18. What is the tens digit of w?
1
Let d(z) = z**2 + 2*z + 19. Let g be d(-6). Let n = -21 + g. What is the tens digit of n?
2
Let r(l) = 3*l**3 - 3*l**2 + 2*l. Let h be r(1). Suppose 2*j - 21 = 4*g - 73, h*g - 18 = 5*j. What is the units digit of g?
4
Suppose 2*i + 4*p + 16 = 0, -3*i - p - 4 = p. Suppose -3*j + i*j = -4. Suppose 3*c + 114 = 5*y - 158, -j*c - 16 = 0. What is the units digit of y?
2
Let m = 724 + 108. What is the hundreds digit of m?
8
Suppose 5*o - 843 = -2*l, 0*o + 873 = 2*l - o. What is the hundreds digit of l?
4
Suppose 2*r - 30 = -2*y + 26, 0 = 5*y - 10. Let w = 12 - r. What is the units digit of 576/56 - (-4)/w?
0
What is the tens digit of (-78)/156 - -6*634/8?
7
Suppose 0 = r - 3*k - k + 14, k - 4 = 0. Let i(g) = -g**2 + 13*g**r + 0*g - 3 + 3*g. What is the units digit of i(2)?
1
Suppose 0 = 30*z - 17623 - 21887. What is the hundreds digit of z?
3
Let q = 1619 + -919. What is the units digit of q?
0
Let j(d) = d + 6. Let f be j(-3). Suppose -f*i = 255 + 489. What is the tens digit of i/(-24) - (-4)/6?
1
Suppose -4*m + 14 = j 